e greatest common divisor of 19040 and 1192040?
680
What is the highest common divisor of 26807998 and 28?
14
Calculate the highest common factor of 104 and 30947228.
52
Calculate the highest common factor of 14886 and 24538.
2
What is the highest common divisor of 7724 and 369139615?
1931
Calculate the greatest common divisor of 693266 and 1610.
322
Calculate the highest common divisor of 40308861 and 61.
61
What is the greatest common factor of 28790 and 49469857?
2879
What is the highest common divisor of 2211407088 and 528?
528
Calculate the highest common divisor of 38799833 and 373.
373
What is the greatest common divisor of 4559993 and 733?
733
Calculate the greatest common divisor of 259060 and 260980.
20
What is the highest common factor of 252396 and 2858151?
2337
Calculate the greatest common divisor of 118464036 and 5448.
2724
Calculate the greatest common divisor of 65484 and 176443.
1819
Calculate the greatest common factor of 136785 and 11451.
33
What is the highest common factor of 2387 and 1002757?
217
Calculate the greatest common factor of 22525 and 30539395.
4505
Calculate the highest common divisor of 20400 and 258708975.
1275
Calculate the highest common divisor of 258989 and 7855455.
817
What is the greatest common factor of 927 and 792173?
103
Calculate the highest common divisor of 156 and 33771816.
156
What is the highest common factor of 64764 and 132489?
63
What is the greatest common divisor of 45765 and 432564?
339
Calculate the highest common factor of 1279085 and 6597.
733
Calculate the greatest common divisor of 165336325 and 770.
385
Calculate the greatest common factor of 110 and 58956475.
5
What is the highest common factor of 12680 and 38960?
40
Calculate the greatest common factor of 2513 and 538493179.
2513
What is the greatest common factor of 899250 and 167970?
330
Calculate the highest common divisor of 145 and 64595.
5
What is the greatest common factor of 19720 and 494785?
85
What is the highest common divisor of 35941 and 8118421?
283
Calculate the highest common factor of 875 and 9338350.
175
Calculate the greatest common divisor of 1542 and 58668474.
1542
What is the greatest common divisor of 196 and 35008988?
28
What is the greatest common divisor of 8 and 188788376?
8
Calculate the highest common divisor of 1820 and 1837835090.
910
Calculate the highest common factor of 17 and 25803977.
17
What is the highest common divisor of 104641962 and 6322?
218
Calculate the greatest common divisor of 270 and 2376645.
15
Calculate the greatest common divisor of 1610 and 10182790.
230
Calculate the highest common divisor of 1147227 and 5307.
183
What is the highest common divisor of 13997214 and 2079?
693
Calculate the greatest common divisor of 23482238 and 26.
26
Calculate the highest common factor of 14455 and 896387.
59
What is the greatest common factor of 14 and 108333449?
7
Calculate the highest common divisor of 61264980 and 840.
420
What is the greatest common factor of 536 and 5844384?
8
What is the greatest common divisor of 1880 and 134560?
40
Calculate the highest common divisor of 3021 and 4726440.
57
What is the highest common factor of 197740 and 3880?
20
Calculate the greatest common divisor of 18168 and 25068.
12
What is the highest common divisor of 1148 and 130789057?
287
What is the greatest common divisor of 424 and 6468862?
106
Calculate the highest common factor of 29068022 and 4652.
2326
What is the greatest common divisor of 5083403 and 13?
13
Calculate the greatest common factor of 2946 and 881037634.
982
Calculate the greatest common factor of 8000 and 1316625.
125
Calculate the greatest common divisor of 2286643 and 134.
67
What is the greatest common factor of 445607292 and 13?
13
Calculate the greatest common divisor of 64 and 4319968.
32
Calculate the greatest common factor of 138 and 20793012.
138
What is the highest common divisor of 27587007 and 1512?
189
What is the highest common factor of 4864 and 8567936?
2432
What is the greatest common divisor of 21560 and 341000?
440
What is the greatest common factor of 5365 and 160051?
29
What is the greatest common factor of 1998633520 and 160?
80
What is the highest common divisor of 6313782 and 24523?
137
Calculate the greatest common divisor of 408032248 and 75205.
15041
What is the greatest common factor of 1779701 and 71456?
2233
Calculate the highest common factor of 70915088 and 148.
148
Calculate the greatest common divisor of 154456597 and 327.
109
Calculate the greatest common divisor of 587440 and 2561658.
2098
Calculate the greatest common factor of 961 and 821.
1
What is the highest common factor of 22748 and 518880?
188
What is the highest common divisor of 2547178 and 14212?
646
What is the greatest common divisor of 51588 and 117626372?
5732
What is the greatest common divisor of 3254968 and 251?
251
What is the greatest common divisor of 15433364 and 4112?
1028
What is the highest common divisor of 6812 and 306514?
26
What is the greatest common divisor of 10703011 and 11?
11
Calculate the highest common divisor of 14084862 and 1122.
66
Calculate the greatest common divisor of 96409170 and 17160.
4290
What is the greatest common factor of 1129 and 2433174511?
1129
Calculate the highest common divisor of 121352 and 1763608.
616
Calculate the highest common factor of 11403 and 1101051.
63
What is the greatest common divisor of 229404732 and 3468?
3468
What is the greatest common factor of 3294 and 131821?
61
Calculate the highest common divisor of 54 and 28749951.
27
Calculate the highest common divisor of 966 and 3333206.
46
Calculate the greatest common divisor of 1237314 and 68991.
1131
What is the greatest common factor of 3775 and 65050?
25
Calculate the greatest common factor of 3277 and 812583.
113
Calculate the greatest common factor of 70896476 and 56.
28
What is the highest common factor of 11961010 and 248425?
2615
Calculate the highest common divisor of 7020 and 4681260.
540
What is the greatest common divisor of 100979 and 16388?
241
Calculate the highest common factor of 72558 and 136503.
261
What is the greatest common factor of 129615402 and 434?
434
What is the highest common divisor of 42917042 and 1274?
98
What is the highest common divisor of 45891 and 75970001?
5099
What is the highest common factor of 4002752 and 512720?
3536
What is the greatest common divisor of 4090 and 139585?
5
What is the highest common factor of 17550 and 34554600?
1350
Calculate the highest common divisor of 2523 and 1544975.
29
What is the highest common divisor of 36339 and 69?
3
What is the highest common factor of 21362131 and 124?
31
What is the highest common factor of 171830 and 6740?
10
Calculate the greatest common factor of 2679 and 1445250.
141
What is the greatest common factor of 49380 and 525370280?
16460
What is the greatest common divisor of 151725 and 921900?
525
What is the greatest common divisor of 2735 and 53195?
5
What is the greatest common factor of 42170725 and 1775?
25
Calculate the highest common factor of 705563 and 4659248.
1151
Calculate the greatest common divisor of 69591 and 2283.
3
What is the highest common divisor of 1605 and 5585625?
15
Calculate the highest common divisor of 32625702 and 93.
93
What is the greatest common divisor of 199989391 and 49?
7
Calculate the highest common factor of 26600907 and 1473.
1473
What is the greatest common divisor of 681129 and 243?
243
Calculate the greatest common factor of 100480 and 159260.
20
Calculate the greatest common factor of 32807848 and 7208.
424
What is the greatest common divisor of 54 and 50579334?
18
Calculate the greatest common divisor of 214517442 and 12747.
1821
What is the greatest common factor of 661392 and 22059?
27
What is the highest common factor of 885890264 and 2737?
2737
What is the highest common divisor of 41 and 86327058?
41
Calculate the highest common factor of 46142750 and 1000.
250
What is the highest common divisor of 151203 and 843?
3
Calculate the highest common factor of 3717 and 35007945.
1239
Calculate the highest common divisor of 278006 and 2533618.
1214
Calculate the highest common divisor of 254 and 20656169.
127
What is the greatest common factor of 10642600 and 1270?
1270
What is the highest